{"id":153,"date":"2017-01-27T00:53:23","date_gmt":"2017-01-27T00:53:23","guid":{"rendered":"http:\/\/www.blaus.pt\/wp-content\/uploads\/2017\/01\/S_12885-MLB20067023616_032014-O.jpg"},"modified":"2017-01-27T18:30:41","modified_gmt":"2017-01-27T18:30:41","slug":"s_12885-mlb20067023616_032014-o","status":"inherit","type":"attachment","link":"https:\/\/www.blaus.pt\/en\/nautical-services\/awnings-and-coverings\/s_12885-mlb20067023616_032014-o\/","title":{"rendered":"Toldos para Embarca\u00e7\u00f5es"},"author":1,"comment_status":"closed","ping_status":"closed","template":"","meta":[],"yoast_head":"<!-- This site is optimized with the Yoast SEO plugin v20.0 - https:\/\/yoast.com\/wordpress\/plugins\/seo\/ -->\n<title>Toldos para Embarca\u00e7\u00f5es - Blaus - Sailmakers<\/title>\n<meta name=\"robots\" content=\"index, follow, max-snippet:-1, max-image-preview:large, max-video-preview:-1\" \/>\n<link rel=\"canonical\" href=\"https:\/\/www.blaus.pt\/wp-content\/uploads\/2017\/01\/S_12885-MLB20067023616_032014-O.jpg\" \/>\n<meta property=\"og:locale\" content=\"en_US\" \/>\n<meta property=\"og:type\" content=\"article\" \/>\n<meta property=\"og:title\" content=\"Toldos para Embarca\u00e7\u00f5es - Blaus - Sailmakers\" \/>\n<meta property=\"og:description\" content=\"Toldos para Embarca\u00e7\u00f5es\" \/>\n<meta property=\"og:url\" content=\"https:\/\/www.blaus.pt\/wp-content\/uploads\/2017\/01\/S_12885-MLB20067023616_032014-O.jpg\" \/>\n<meta property=\"og:site_name\" content=\"Blaus - Sailmakers\" \/>\n<meta property=\"article:modified_time\" content=\"2017-01-27T18:30:41+00:00\" \/>\n<meta property=\"og:image\" content=\"https:\/\/www.blaus.pt\/wp-content\/uploads\/2017\/01\/S_12885-MLB20067023616_032014-O.jpg\" \/>\n\t<meta property=\"og:image:width\" content=\"500\" \/>\n\t<meta property=\"og:image:height\" content=\"486\" \/>\n\t<meta property=\"og:image:type\" content=\"image\/jpeg\" \/>\n<meta name=\"twitter:card\" content=\"summary_large_image\" \/>\n<script type=\"application\/ld+json\" class=\"yoast-schema-graph\">{\"@context\":\"https:\/\/schema.org\",\"@graph\":[{\"@type\":\"WebPage\",\"@id\":\"https:\/\/www.blaus.pt\/wp-content\/uploads\/2017\/01\/S_12885-MLB20067023616_032014-O.jpg\",\"url\":\"https:\/\/www.blaus.pt\/wp-content\/uploads\/2017\/01\/S_12885-MLB20067023616_032014-O.jpg\",\"name\":\"Toldos para Embarca\u00e7\u00f5es - Blaus - Sailmakers\",\"isPartOf\":{\"@id\":\"https:\/\/www.blaus.pt\/#website\"},\"datePublished\":\"2017-01-27T00:53:23+00:00\",\"dateModified\":\"2017-01-27T18:30:41+00:00\",\"breadcrumb\":{\"@id\":\"https:\/\/www.blaus.pt\/wp-content\/uploads\/2017\/01\/S_12885-MLB20067023616_032014-O.jpg#breadcrumb\"},\"inLanguage\":\"en-US\",\"potentialAction\":[{\"@type\":\"ReadAction\",\"target\":[\"https:\/\/www.blaus.pt\/wp-content\/uploads\/2017\/01\/S_12885-MLB20067023616_032014-O.jpg\"]}]},{\"@type\":\"BreadcrumbList\",\"@id\":\"https:\/\/www.blaus.pt\/wp-content\/uploads\/2017\/01\/S_12885-MLB20067023616_032014-O.jpg#breadcrumb\",\"itemListElement\":[{\"@type\":\"ListItem\",\"position\":1,\"name\":\"In\u00edcio\",\"item\":\"https:\/\/www.blaus.pt\/\"},{\"@type\":\"ListItem\",\"position\":2,\"name\":\"Servi\u00e7os N\u00e1uticos\",\"item\":\"https:\/\/www.blaus.pt\/servicos-nauticos\/\"},{\"@type\":\"ListItem\",\"position\":3,\"name\":\"Toldos e Coberturas\",\"item\":\"https:\/\/www.blaus.pt\/servicos-nauticos\/toldos-e-coberturas\/\"},{\"@type\":\"ListItem\",\"position\":4,\"name\":\"Toldos para Embarca\u00e7\u00f5es\"}]},{\"@type\":\"WebSite\",\"@id\":\"https:\/\/www.blaus.pt\/#website\",\"url\":\"https:\/\/www.blaus.pt\/\",\"name\":\"Blaus - Sailmakers\",\"description\":\"Sails, Covers, Rigging, Upholstery and Leather Works\",\"publisher\":{\"@id\":\"https:\/\/www.blaus.pt\/#organization\"},\"potentialAction\":[{\"@type\":\"SearchAction\",\"target\":{\"@type\":\"EntryPoint\",\"urlTemplate\":\"https:\/\/www.blaus.pt\/?s={search_term_string}\"},\"query-input\":\"required name=search_term_string\"}],\"inLanguage\":\"en-US\"},{\"@type\":\"Organization\",\"@id\":\"https:\/\/www.blaus.pt\/#organization\",\"name\":\"Blaus\",\"url\":\"https:\/\/www.blaus.pt\/\",\"logo\":{\"@type\":\"ImageObject\",\"inLanguage\":\"en-US\",\"@id\":\"https:\/\/www.blaus.pt\/#\/schema\/logo\/image\/\",\"url\":\"https:\/\/www.blaus.pt\/wp-content\/uploads\/2024\/03\/cropped-blaus-logo-print.png\",\"contentUrl\":\"https:\/\/www.blaus.pt\/wp-content\/uploads\/2024\/03\/cropped-blaus-logo-print.png\",\"width\":406,\"height\":177,\"caption\":\"Blaus\"},\"image\":{\"@id\":\"https:\/\/www.blaus.pt\/#\/schema\/logo\/image\/\"}}]}<\/script>\n<!-- \/ Yoast SEO plugin. -->","yoast_head_json":{"title":"Toldos para Embarca\u00e7\u00f5es - Blaus - Sailmakers","robots":{"index":"index","follow":"follow","max-snippet":"max-snippet:-1","max-image-preview":"max-image-preview:large","max-video-preview":"max-video-preview:-1"},"canonical":"https:\/\/www.blaus.pt\/wp-content\/uploads\/2017\/01\/S_12885-MLB20067023616_032014-O.jpg","og_locale":"en_US","og_type":"article","og_title":"Toldos para Embarca\u00e7\u00f5es - Blaus - Sailmakers","og_description":"Toldos para Embarca\u00e7\u00f5es","og_url":"https:\/\/www.blaus.pt\/wp-content\/uploads\/2017\/01\/S_12885-MLB20067023616_032014-O.jpg","og_site_name":"Blaus - Sailmakers","article_modified_time":"2017-01-27T18:30:41+00:00","og_image":[{"width":500,"height":486,"url":"https:\/\/www.blaus.pt\/wp-content\/uploads\/2017\/01\/S_12885-MLB20067023616_032014-O.jpg","type":"image\/jpeg"}],"twitter_card":"summary_large_image","schema":{"@context":"https:\/\/schema.org","@graph":[{"@type":"WebPage","@id":"https:\/\/www.blaus.pt\/wp-content\/uploads\/2017\/01\/S_12885-MLB20067023616_032014-O.jpg","url":"https:\/\/www.blaus.pt\/wp-content\/uploads\/2017\/01\/S_12885-MLB20067023616_032014-O.jpg","name":"Toldos para Embarca\u00e7\u00f5es - Blaus - Sailmakers","isPartOf":{"@id":"https:\/\/www.blaus.pt\/#website"},"datePublished":"2017-01-27T00:53:23+00:00","dateModified":"2017-01-27T18:30:41+00:00","breadcrumb":{"@id":"https:\/\/www.blaus.pt\/wp-content\/uploads\/2017\/01\/S_12885-MLB20067023616_032014-O.jpg#breadcrumb"},"inLanguage":"en-US","potentialAction":[{"@type":"ReadAction","target":["https:\/\/www.blaus.pt\/wp-content\/uploads\/2017\/01\/S_12885-MLB20067023616_032014-O.jpg"]}]},{"@type":"BreadcrumbList","@id":"https:\/\/www.blaus.pt\/wp-content\/uploads\/2017\/01\/S_12885-MLB20067023616_032014-O.jpg#breadcrumb","itemListElement":[{"@type":"ListItem","position":1,"name":"In\u00edcio","item":"https:\/\/www.blaus.pt\/"},{"@type":"ListItem","position":2,"name":"Servi\u00e7os N\u00e1uticos","item":"https:\/\/www.blaus.pt\/servicos-nauticos\/"},{"@type":"ListItem","position":3,"name":"Toldos e Coberturas","item":"https:\/\/www.blaus.pt\/servicos-nauticos\/toldos-e-coberturas\/"},{"@type":"ListItem","position":4,"name":"Toldos para Embarca\u00e7\u00f5es"}]},{"@type":"WebSite","@id":"https:\/\/www.blaus.pt\/#website","url":"https:\/\/www.blaus.pt\/","name":"Blaus - Sailmakers","description":"Sails, Covers, Rigging, Upholstery and Leather Works","publisher":{"@id":"https:\/\/www.blaus.pt\/#organization"},"potentialAction":[{"@type":"SearchAction","target":{"@type":"EntryPoint","urlTemplate":"https:\/\/www.blaus.pt\/?s={search_term_string}"},"query-input":"required name=search_term_string"}],"inLanguage":"en-US"},{"@type":"Organization","@id":"https:\/\/www.blaus.pt\/#organization","name":"Blaus","url":"https:\/\/www.blaus.pt\/","logo":{"@type":"ImageObject","inLanguage":"en-US","@id":"https:\/\/www.blaus.pt\/#\/schema\/logo\/image\/","url":"https:\/\/www.blaus.pt\/wp-content\/uploads\/2024\/03\/cropped-blaus-logo-print.png","contentUrl":"https:\/\/www.blaus.pt\/wp-content\/uploads\/2024\/03\/cropped-blaus-logo-print.png","width":406,"height":177,"caption":"Blaus"},"image":{"@id":"https:\/\/www.blaus.pt\/#\/schema\/logo\/image\/"}}]}},"smush":{"stats":{"percent":4.28562083563064799562880580197088420391082763671875,"bytes":4586,"size_before":107009,"size_after":102423,"time":0.1000000000000000055511151231257827021181583404541015625,"api_version":"1.0","lossy":false,"keep_exif":0},"sizes":{"thumbnail":{"percent":3.75,"bytes":354,"size_before":5513,"size_after":5306,"time":0.01000000000000000020816681711721685132943093776702880859375},"medium":{"percent":1.270000000000000017763568394002504646778106689453125,"bytes":787,"size_before":13096,"size_after":12930,"time":0.01000000000000000020816681711721685132943093776702880859375},"tc-grid-full":{"percent":2.850000000000000088817841970012523233890533447265625,"bytes":1447,"size_before":25720,"size_after":24986,"time":0.0299999999999999988897769753748434595763683319091796875},"tc-grid":{"percent":2.62000000000000010658141036401502788066864013671875,"bytes":0,"size_before":25659,"size_after":24986,"time":0.0200000000000000004163336342344337026588618755340576171875},"tc-thumb":{"percent":2.2400000000000002131628207280300557613372802734375,"bytes":570,"size_before":11163,"size_after":10913,"time":0.01000000000000000020816681711721685132943093776702880859375},"full":{"percent":9.8800000000000007815970093361102044582366943359375,"bytes":7186,"size_before":25858,"size_after":23302,"time":0.0200000000000000004163336342344337026588618755340576171875}}},"description":{"rendered":"<p class=\"attachment\"><a class=\"grouped_elements\" rel=\"tc-fancybox-group\" href=\"https:\/\/www.blaus.pt\/wp-content\/uploads\/2017\/01\/S_12885-MLB20067023616_032014-O.jpg\" title=\"Toldos para Embarca\u00e7\u00f5es\"><img width=\"300\" height=\"292\" src=\"https:\/\/www.blaus.pt\/wp-content\/uploads\/2017\/01\/S_12885-MLB20067023616_032014-O-300x292.jpg\" class=\"attachment-medium size-medium\" alt=\"\" decoding=\"async\" loading=\"lazy\" srcset=\"https:\/\/www.blaus.pt\/wp-content\/uploads\/2017\/01\/S_12885-MLB20067023616_032014-O-300x292.jpg 300w, https:\/\/www.blaus.pt\/wp-content\/uploads\/2017\/01\/S_12885-MLB20067023616_032014-O.jpg 500w\" sizes=\"(max-width: 300px) 100vw, 300px\" \/><\/a><\/p>\n<p>Toldos para Embarca\u00e7\u00f5es<\/p>\n"},"caption":{"rendered":"<p>Toldos para Embarca\u00e7\u00f5es<\/p>\n"},"alt_text":"Toldos para Embarca\u00e7\u00f5es","media_type":"image","mime_type":"image\/jpeg","media_details":{"width":500,"height":486,"file":"2017\/01\/S_12885-MLB20067023616_032014-O.jpg","sizes":{"thumbnail":{"file":"S_12885-MLB20067023616_032014-O-150x150.jpg","width":150,"height":150,"mime_type":"image\/jpeg","source_url":"https:\/\/www.blaus.pt\/wp-content\/uploads\/2017\/01\/S_12885-MLB20067023616_032014-O-150x150.jpg"},"medium":{"file":"S_12885-MLB20067023616_032014-O-300x292.jpg","width":300,"height":292,"mime_type":"image\/jpeg","source_url":"https:\/\/www.blaus.pt\/wp-content\/uploads\/2017\/01\/S_12885-MLB20067023616_032014-O-300x292.jpg"},"tc-grid-full":{"file":"S_12885-MLB20067023616_032014-O-500x350.jpg","width":500,"height":350,"mime_type":"image\/jpeg","source_url":"https:\/\/www.blaus.pt\/wp-content\/uploads\/2017\/01\/S_12885-MLB20067023616_032014-O-500x350.jpg"},"tc-grid":{"file":"S_12885-MLB20067023616_032014-O-500x350.jpg","width":500,"height":350,"mime_type":"image\/jpeg","source_url":"https:\/\/www.blaus.pt\/wp-content\/uploads\/2017\/01\/S_12885-MLB20067023616_032014-O-500x350.jpg"},"tc-thumb":{"file":"S_12885-MLB20067023616_032014-O-270x250.jpg","width":270,"height":250,"mime_type":"image\/jpeg","source_url":"https:\/\/www.blaus.pt\/wp-content\/uploads\/2017\/01\/S_12885-MLB20067023616_032014-O-270x250.jpg"},"full":{"file":"S_12885-MLB20067023616_032014-O.jpg","width":500,"height":486,"mime_type":"image\/jpeg","source_url":"https:\/\/www.blaus.pt\/wp-content\/uploads\/2017\/01\/S_12885-MLB20067023616_032014-O.jpg"}},"image_meta":{"aperture":"0","credit":"","camera":"","caption":"","created_timestamp":"0","copyright":"","focal_length":"0","iso":"0","shutter_speed":"0","title":"","orientation":"0","keywords":[],"resized_images":["494x480","500x486","500x486","300x292","500x486"]}},"post":36,"source_url":"https:\/\/www.blaus.pt\/wp-content\/uploads\/2017\/01\/S_12885-MLB20067023616_032014-O.jpg","_links":{"self":[{"href":"https:\/\/www.blaus.pt\/en\/wp-json\/wp\/v2\/media\/153"}],"collection":[{"href":"https:\/\/www.blaus.pt\/en\/wp-json\/wp\/v2\/media"}],"about":[{"href":"https:\/\/www.blaus.pt\/en\/wp-json\/wp\/v2\/types\/attachment"}],"author":[{"embeddable":true,"href":"https:\/\/www.blaus.pt\/en\/wp-json\/wp\/v2\/users\/1"}],"replies":[{"embeddable":true,"href":"https:\/\/www.blaus.pt\/en\/wp-json\/wp\/v2\/comments?post=153"}]}}

Toldos para Embarcações

<!-- This site is optimized with the Yoast SEO plugin v20.0 - https://yoast.com/wordpress/plugins/seo/ -->
<title>Toldos para Embarcações - Blaus - Sailmakers</title>
<meta name="robots" content="index, follow, max-snippet:-1, max-image-preview:large, max-video-preview:-1" />
<link rel="canonical" href="https://www.blaus.pt/wp-content/uploads/2017/01/S_12885-MLB20067023616_032014-O.jpg" />
<meta property="og:locale" content="en_US" />
<meta property="og:type" content="article" />
<meta property="og:title" content="Toldos para Embarcações - Blaus - Sailmakers" />
<meta property="og:description" content="Toldos para Embarcações" />
<meta property="og:url" content="https://www.blaus.pt/wp-content/uploads/2017/01/S_12885-MLB20067023616_032014-O.jpg" />
<meta property="og:site_name" content="Blaus - Sailmakers" />
<meta property="article:modified_time" content="2017-01-27T18:30:41+00:00" />
<meta property="og:image" content="https://www.blaus.pt/wp-content/uploads/2017/01/S_12885-MLB20067023616_032014-O.jpg" />
	<meta property="og:image:width" content="500" />
	<meta property="og:image:height" content="486" />
	<meta property="og:image:type" content="image/jpeg" />
<meta name="twitter:card" content="summary_large_image" />
<script type="application/ld+json" class="yoast-schema-graph">{"@context":"https://schema.org","@graph":[{"@type":"WebPage","@id":"https://www.blaus.pt/wp-content/uploads/2017/01/S_12885-MLB20067023616_032014-O.jpg","url":"https://www.blaus.pt/wp-content/uploads/2017/01/S_12885-MLB20067023616_032014-O.jpg","name":"Toldos para Embarcações - Blaus - Sailmakers","isPartOf":{"@id":"https://www.blaus.pt/#website"},"datePublished":"2017-01-27T00:53:23+00:00","dateModified":"2017-01-27T18:30:41+00:00","breadcrumb":{"@id":"https://www.blaus.pt/wp-content/uploads/2017/01/S_12885-MLB20067023616_032014-O.jpg#breadcrumb"},"inLanguage":"en-US","potentialAction":[{"@type":"ReadAction","target":["https://www.blaus.pt/wp-content/uploads/2017/01/S_12885-MLB20067023616_032014-O.jpg"]}]},{"@type":"BreadcrumbList","@id":"https://www.blaus.pt/wp-content/uploads/2017/01/S_12885-MLB20067023616_032014-O.jpg#breadcrumb","itemListElement":[{"@type":"ListItem","position":1,"name":"Início","item":"https://www.blaus.pt/"},{"@type":"ListItem","position":2,"name":"Serviços Náuticos","item":"https://www.blaus.pt/servicos-nauticos/"},{"@type":"ListItem","position":3,"name":"Toldos e Coberturas","item":"https://www.blaus.pt/servicos-nauticos/toldos-e-coberturas/"},{"@type":"ListItem","position":4,"name":"Toldos para Embarcações"}]},{"@type":"WebSite","@id":"https://www.blaus.pt/#website","url":"https://www.blaus.pt/","name":"Blaus - Sailmakers","description":"Sails, Covers, Rigging, Upholstery and Leather Works","publisher":{"@id":"https://www.blaus.pt/#organization"},"potentialAction":[{"@type":"SearchAction","target":{"@type":"EntryPoint","urlTemplate":"https://www.blaus.pt/?s={search_term_string}"},"query-input":"required name=search_term_string"}],"inLanguage":"en-US"},{"@type":"Organization","@id":"https://www.blaus.pt/#organization","name":"Blaus","url":"https://www.blaus.pt/","logo":{"@type":"ImageObject","inLanguage":"en-US","@id":"https://www.blaus.pt/#/schema/logo/image/","url":"https://www.blaus.pt/wp-content/uploads/2024/03/cropped-blaus-logo-print.png","contentUrl":"https://www.blaus.pt/wp-content/uploads/2024/03/cropped-blaus-logo-print.png","width":406,"height":177,"caption":"Blaus"},"image":{"@id":"https://www.blaus.pt/#/schema/logo/image/"}}]}</script>
<!-- / Yoast SEO plugin. -->

Toldos para Embarcações - Blaus - Sailmakers

Início

Serviços Náuticos

<p class="attachment"><a class="grouped_elements" rel="tc-fancybox-group" href="https://www.blaus.pt/wp-content/uploads/2017/01/S_12885-MLB20067023616_032014-O.jpg" title="Toldos para Embarcações"><img width="300" height="292" src="https://www.blaus.pt/wp-content/uploads/2017/01/S_12885-MLB20067023616_032014-O-300x292.jpg" class="attachment-medium size-medium" alt="" decoding="async" loading="lazy" srcset="https://www.blaus.pt/wp-content/uploads/2017/01/S_12885-MLB20067023616_032014-O-300x292.jpg 300w, https://www.blaus.pt/wp-content/uploads/2017/01/S_12885-MLB20067023616_032014-O.jpg 500w" sizes="(max-width: 300px) 100vw, 300px" /></a></p>
<p>Toldos para Embarcações</p>

<p>Toldos para Embarcações</p>
